= 3*g + 84. Let h be i(r). Let k be (1 - 2) + (-13)/(-1). Calculate the highest common factor of k and h.
12
Let t = 31 - 1. Suppose t = -24*k + 27*k. Calculate the highest common divisor of 35 and k.
5
Let t be (-6)/4 + 2 - 15/(-10). Suppose t*w = -0*o + 5*o + 43, -47 = -2*w + o. What is the greatest common divisor of w and 6?
6
Suppose -55 = q - 135. Let d = -15 + 23. Calculate the greatest common factor of d and q.
8
Suppose -3*x + 3*s = 2*x + 184, -42 = x + 2*s. Let z = x - -58. Let g = -13 - -18. Calculate the highest common divisor of z and g.
5
Suppose 5*u - 42 - 48 = -2*t, -t = -5*u + 90. Suppose 0 = 5*l - 25, v - l + 140 = 4*v. Calculate the highest common factor of v and u.
9
Let t(a) = a**3 + a**2 + 3*a + 3. Let k be t(3). Suppose o = -0*o - z + k, -5*z = -3*o + 128. Let w = -31 + o. Calculate the highest common divisor of w and 90.
15
Suppose -186 = -4*p - k + 4*k, 4*k = -8. What is the greatest common factor of 15 and p?
15
Suppose -55*h = -1319 - 23596. What is the greatest common factor of h and 755?
151
Let g be (3 + -2 + 0)/(1/(-4)). Let v be ((28/5)/1)/(g/(-20)). What is the greatest common factor of 56 and v?
28
Let o(n) = -24*n + 42. Let x be o(-7). Let u = x - 168. Let m(k) = -14*k. Let c be m(-2). Calculate the greatest common factor of u and c.
14
Suppose -4*w = -t + 344, -5*t - 3*w = -0*t - 1743. What is the greatest common divisor of t and 12?
12
Let q = -32 + 34. Let u be -4 - ((-1 - q) + -14). Calculate the greatest common divisor of u and 13.
13
Let i = 1101 - 594. What is the highest common divisor of i and 39?
39
Let k = 36 - 36. Suppose -2*c - 4*a = 2*c, k = 5*a + 25. Calculate the greatest common factor of 25 and c.
5
Suppose -4*s + 4*t - 38 = -3*s, 5*s + 213 = -3*t. Let m = s - -50. Calculate the highest common factor of 2 and m.
2
Let p be 4 + 1 - 3 - (-6)/3. Suppose -51 = -p*a - 7. Calculate the greatest common divisor of 55 and a.
11
Let v be (-56)/(-7) - 7 - (-1 + 4). Let z(o) = -11*o**3 + 2*o**2 + 5*o + 2. Let n be z(v). What is the greatest common factor of n and 66?
22
Let q(r) = 4*r + 105. Let k be q(-23). What is the greatest common factor of k and 286?
13
Let s be -324*(-5 + (-102)/(-24)). Calculate the highest common factor of s and 45.
9
Suppose -4*g - 536 = p, p + 2*g = 3*p + 1082. Let y = -195 - p. Let k be ((-5)/3 - -2)*y. Calculate the highest common divisor of 46 and k.
23
Suppose -3*u - m = 3*m - 604, -5*u + 5*m + 1030 = 0. Calculate the greatest common factor of 255 and u.
51
Suppose -4*c + 1 + 5 = r, -2*r - 4*c + 16 = 0. Let z be (-80)/(-12)*12/r. Let b = z + -2. Calculate the greatest common factor of b and 6.
6
Let z be ((-2)/(-4))/((-22)/(-1320)). Suppose z*v - 29*v = 25. What is the highest common factor of 25 and v?
25
Suppose 2*d + 4*l - 11 = 5*l, -5*d + 33 = 3*l. Suppose -524 = -d*x + 148. Calculate the greatest common divisor of x and 48.
16
Suppose -27*t + 4408 = -1856. Calculate the greatest common divisor of 174 and t.
58
Let w be ((-2)/6)/(1/(-255)). Let j = 40 + -23. Calculate the highest common factor of w and j.
17
Let d(j) = j**3 - 8*j**2 - 8*j - 5. Let a be d(9). Let t be a/24 - 29/(-6). Let u be (7 + -2)/((-6)/(-12)). Calculate the highest common factor of t and u.
5
Let s be (22/5 + -2)*35. Suppose 4*d + 32 = 2*m - 0*m, d = -3*m + 34. Calculate the greatest common factor of s and m.
12
Let w(d) = -d**3 + d**2 - 6*d. Let u be w(-6). Let b be (0 - (-3 + -2))/(16/16). Suppose -b*j = -j - u. What is the greatest common factor of j and 8?
8
Let s = 7 + -9. Let r be 15/8 + s/(-16). Let q be -3 + r + 50 + -10. Calculate the greatest common divisor of 26 and q.
13
Suppose -5*w + 2*q + 80 = -80, -3*w + 87 = -3*q. What is the highest common divisor of w and 578?
34
Suppose -3*j - 3*p = -266 + 38, -3*j + 2*p = -208. What is the greatest common divisor of j and 27?
9
Let c(h) = -h**2 + h + 2. Let v be c(-1). Suppose v = -5*s + 384 + 136. Calculate the highest common factor of s and 13.
13
Let j be (-154193)/(-116) - 4/((-32)/6). Calculate the highest common factor of 38 and j.
38
Let g be ((-168)/35)/(15/(-75)). Calculate the highest common factor of g and 36.
12
Suppose -10446 = -5*b - 3336. What is the highest common divisor of b and 18?
18
Suppose -34*f + 5*f + 7020 = 16*f. Suppose 0*j - h - 80 = -2*j, 0 = 3*j + 3*h - 111. What is the greatest common divisor of j and f?
39
Let s be (-15)/20 - 37/4. Let g(a) = a**3 + 10*a**2 + 6. Let n be g(s). Calculate the highest common factor of n and 12.
6
Let q(v) = -93*v - 206. Let z be q(-6). Calculate the highest common factor of z and 22.
22
Suppose 2*f - 3*s + 15 = 0, 2*s - 12 = 4*f - 2. Suppose f = -7*n + 8 + 6. What is the greatest common factor of n and 16?
2
Suppose 4*y = 3*y + 10. Let v = 9494 - 9489. Calculate the highest common divisor of v and y.
5
Let n be (2 + 1)/((3/88)/1). Let v(o) = -6*o**2 - o**3 + 3*o + 3*o**3 - o**3 + 4. Let t be v(6). What is the highest common factor of t and n?
22
Suppose m + 4*r - 13 = 0, 2*m - r - 13 = m. What is the highest common divisor of m and 104?
13
Suppose 10 = 3*p + 4*q, -28 = -5*p + 4*q + 42. Let v = -390 - -400. What is the highest common factor of p and v?
10
Suppose -2*q + 0*q + 22 = b, b - 2 = 2*q. Suppose -8 = -t + b. Suppose 36 + 4 = 2*r. What is the highest common factor of t and r?
20
Let c(i) = 11*i + 101. Let h be c(-7). Suppose 3*j = -180 + 540. What is the greatest common factor of j and h?
24
Let k = -2249 - -2431. What is the greatest common divisor of 195 and k?
13
Let c = 977 - 927. Calculate the greatest common factor of c and 125.
25
Let l be (2 - (3 + 2)) + (-80)/(-10). What is the greatest common factor of l and 15?
5
Suppose -3*y + 2*d = -35, -3*y + d - 21 = -5*y. Suppose -39*s = -602 + 173. What is the highest common factor of s and y?
11
Suppose 5*t - 4*t = -5*c + 48, 2*c + 3*t - 27 = 0. Suppose 0 = -c*v + 330 + 30. What is the highest common divisor of 5 and v?
5
Let o(x) = x**2 + 3*x + 8. Let p be o(-6). Let v = 3519 + -3454. What is the highest common divisor of v and p?
13
Let x be (-55)/1*(-8)/10. Suppose -h + 20*d = 25*d - 12, 2 = -d. What is the highest common divisor of h and x?
22
Let r be -6 - (-5)/15*0/2. Let w(t) = t**3 + 5*t**2 - 9*t - 7. Let x be w(r). What is the greatest common factor of x and 88?
11
Let u = 216 - 56. Calculate the highest common divisor of u and 288.
32
Let q(r) = -18*r + 206. Let b be q(7). Calculate the highest common factor of 200 and b.
40
Let b = 19 + -23. Suppose 9 + 167 = 4*s - 4*m, -3*s = -5*m - 130. Let z be s - (3 - (11 + b)). What is the greatest common divisor of z and 7?
7
Let d(r) = 27*r**2 - r. Let b be d(1). Let q = 3527 + -3475. What is the greatest common divisor of b and q?
26
Let u(c) = -31*c**3 + c**2 + c + 1. Let x be u(-1). Let p(g) = -11*g**3 + 2*g**3 + 7*g**3. Let r be p(-4). Calculate the highest common divisor of x and r.
32
Let u(x) = 4*x + 278. Let h be u(-5). Calculate the highest common factor of h and 86.
86
Suppose -7*w + 4792 = 1012. Calculate the highest common factor of w and 80.
20
Let i(w) = 2*w + 4. Let m(v) = 4*v**2 - v - 1. Let n be m(-1). Let r be i(n). Calculate the highest common factor of 18 and r.
6
Let l(m) be the third derivative of -m**6/60 + m**5/12 + m**4/6 + 4*m**3/3 + m**2 + 7*m. Let v be l(-4). Calculate the greatest common factor of v and 40.
40
Let q(w) = 12*w**2 + 18*w + 24. Let f be q(7). Calculate the greatest common divisor of f and 18.
18
Let k(j) = -j**3 + 7*j**2 - 6*j + 4. Let l be k(5). Let t = -6508 - -6514. Calculate the greatest common divisor of t and l.
6
Let k be (-12 - (0 + -6))/(2/(-54)). Suppose 3*o - 8 = o. Let c(y) = 5*y - 2. Let d be c(o). Calculate the greatest common divisor of k and d.
18
Suppose -2*q - 6 = -5*q. Suppose -u + 51 = q*u. What is the highest common factor of 85 and u?
17
Let z(x) = 15*x**2 + 5*x - 3. Let o be z(3). Let m be 1956/(-4238) + 1280/13. Calculate the highest common divisor of o and m.
49
Suppose 103 + 338 = 3*w - 2*r, 3*w = -3*r + 441. Calculate the highest common divisor of 98 and w.
49
Suppose t + 72 = 5*t. Suppose 3*h + 4*w - 15 - 4 = 0, 2*h + 4*w - t = 0. Let i be (13/h)/(3/3). Calculate the highest common divisor of i and 91.
13
Suppose 2*r = 3*d + 8, 2*d + d + 2*r + 16 = 0. Let y(i) = -398 + 200 - 6*i + 189. Let w be y(d).